late the greatest common divisor of 20 and 1.
1
Calculate the highest common factor of 3190 and 88.
22
Calculate the highest common factor of 171 and 19.
19
Calculate the highest common divisor of 615 and 45.
15
Calculate the greatest common factor of 33 and 176.
11
What is the highest common factor of 21 and 1617?
21
Calculate the highest common factor of 156 and 9984.
156
Calculate the greatest common divisor of 180 and 1890.
90
Calculate the greatest common factor of 248 and 62.
62
What is the highest common divisor of 400 and 11120?
80
Calculate the greatest common divisor of 30 and 5595.
15
What is the greatest common factor of 735 and 196?
49
What is the greatest common divisor of 16 and 128?
16
Calculate the highest common factor of 606 and 3434.
202
Calculate the greatest common factor of 68 and 2924.
68
What is the highest common divisor of 1408 and 88?
88
What is the highest common divisor of 4 and 188?
4
Calculate the greatest common divisor of 140 and 1085.
35
Calculate the highest common factor of 2950 and 100.
50
What is the greatest common factor of 1600 and 64?
64
What is the highest common divisor of 609 and 21?
21
What is the highest common divisor of 98590 and 10?
10
What is the greatest common divisor of 8 and 32?
8
What is the greatest common divisor of 18 and 10?
2
Calculate the highest common divisor of 12 and 38004.
12
Calculate the highest common factor of 3 and 3.
3
Calculate the highest common divisor of 1207 and 142.
71
Calculate the greatest common divisor of 2 and 112.
2
Calculate the highest common divisor of 525 and 35.
35
What is the greatest common divisor of 19 and 8417?
19
What is the greatest common factor of 481 and 333?
37
Calculate the highest common factor of 72 and 954.
18
Calculate the highest common divisor of 155 and 10.
5
Calculate the highest common factor of 38556 and 102.
102
What is the highest common divisor of 1133 and 11?
11
What is the greatest common divisor of 1917 and 135?
27
Calculate the highest common divisor of 404 and 8.
4
Calculate the highest common factor of 86 and 2408.
86
What is the highest common factor of 198 and 18?
18
What is the greatest common divisor of 6188 and 988?
52
Calculate the greatest common divisor of 1947 and 413.
59
Calculate the greatest common divisor of 297 and 253.
11
What is the highest common factor of 10 and 12970?
10
Calculate the highest common divisor of 18 and 558.
18
Calculate the greatest common divisor of 222 and 148.
74
What is the highest common divisor of 77 and 3520?
11
Calculate the greatest common divisor of 4494 and 42.
42
What is the greatest common divisor of 448 and 28?
28
What is the greatest common divisor of 24 and 24?
24
What is the greatest common divisor of 53 and 583?
53
What is the highest common factor of 51 and 8551?
17
What is the greatest common divisor of 700 and 364?
28
What is the highest common factor of 52 and 234?
26
What is the greatest common divisor of 55 and 1078?
11
Calculate the greatest common factor of 14 and 39158.
14
Calculate the greatest common divisor of 45 and 16155.
45
Calculate the highest common factor of 20 and 964.
4
Calculate the highest common divisor of 8 and 4852.
4
Calculate the greatest common divisor of 735 and 21.
21
What is the highest common factor of 2 and 56?
2
What is the highest common factor of 119 and 1037?
17
Calculate the highest common divisor of 312 and 24.
24
Calculate the highest common factor of 2569 and 7.
7
What is the highest common factor of 88 and 33352?
88
What is the greatest common factor of 2800 and 84?
28
What is the highest common factor of 162 and 6?
6
What is the greatest common factor of 14047 and 11?
11
What is the highest common factor of 56 and 91?
7
What is the highest common factor of 55 and 55?
55
What is the greatest common divisor of 42 and 12?
6
Calculate the greatest common divisor of 1254 and 110.
22
Calculate the greatest common divisor of 2508 and 6.
6
What is the greatest common divisor of 58 and 264?
2
Calculate the greatest common factor of 24641 and 41.
41
Calculate the highest common factor of 790 and 869.
79
Calculate the highest common factor of 288 and 744.
24
What is the greatest common factor of 144 and 612?
36
Calculate the greatest common factor of 312 and 120.
24
What is the highest common divisor of 896 and 84?
28
Calculate the greatest common divisor of 303 and 101.
101
What is the highest common divisor of 678 and 5650?
226
Calculate the highest common factor of 2378 and 145.
29
What is the greatest common divisor of 904 and 24?
8
What is the greatest common divisor of 159 and 371?
53
Calculate the greatest common factor of 19 and 247.
19
What is the highest common divisor of 125 and 40?
5
Calculate the highest common divisor of 76 and 88.
4
Calculate the highest common factor of 555 and 15.
15
What is the highest common divisor of 136 and 3791?
17
What is the greatest common factor of 39 and 168?
3
Calculate the highest common factor of 632 and 36.
4
What is the greatest common divisor of 1332 and 576?
36
Calculate the greatest common factor of 15708 and 264.
132
Calculate the highest common factor of 172 and 430.
86
What is the greatest common factor of 2 and 1?
1
What is the greatest common divisor of 11 and 99?
11
Calculate the greatest common divisor of 12954 and 102.
102
What is the greatest common factor of 407 and 121?
11
What is the greatest common factor of 49 and 917?
7
What is the highest common factor of 24 and 120?
24
What is the greatest common factor of 6400 and 256?
256
Calculate the greatest common divisor of 9546 and 2664.
222
Calculate the greatest common factor of 217 and 279.
31
What is the highest common divisor of 81 and 6?
3
What is the highest common factor of 21270 and 6?
6
Calculate the highest common factor of 26652 and 12.
12
What is the greatest common factor of 6705 and 135?
45
What is the highest common divisor of 21018 and 186?
186
Calculate the greatest common divisor of 896 and 2576.
112
Calculate the highest common factor of 20 and 52.
4
What is the highest common factor of 20 and 70?
10
What is the greatest common factor of 90 and 50?
10
What is the greatest common factor of 28 and 343?
7
What is the greatest common divisor of 3064 and 8?
8
What is the greatest common factor of 65 and 12961?
13
What is the greatest common divisor of 952 and 3094?
238
Calculate the greatest common divisor of 336 and 552.
24
Calculate the highest common factor of 102 and 18.
6
What is the greatest common divisor of 58 and 10875?
29
What is the highest common factor of 198 and 264?
66
Calculate the greatest common factor of 2560 and 110.
10
What is the highest common divisor of 6270 and 12?
6
Calculate the highest common divisor of 25 and 4725.
25
What is the highest common divisor of 984 and 24?
24
Calculate the highest common factor of 98 and 12838.
98
Calculate the greatest common factor of 2071 and 19.
19
What is the greatest common divisor of 63 and 693?
63
Calculate the greatest common factor of 110633 and 349.
349
What is the greatest common factor of 312 and 1482?
78
Calculate the greatest common factor of 1050 and 15.
15
Calculate the greatest common divisor of 18 and 3144.
6
Calculate the highest common divisor of 42 and 13146.
42
Calculate the highest common divisor of 36 and 1278.
18
What is the highest common factor of 130 and 10790?
130
Calculate the greatest common divisor of 11 and 12870.
11
What is the highest common factor of 13806 and 26?
26
What is the greatest common factor of 18 and 1962?
18
What is the highest common factor of 49 and 133?
7
Calculate the highest common divisor of 20515 and 55.
55
Calculate the highest common factor of 460 and 10.
10
Calculate the highest common divisor of 34202 and 294.
98
What is the highest common divisor of 3131 and 31?
31
Calculate the highest common factor of 6100 and 30.
10
What is the greatest common factor of 780 and 2964?
156
Calculate the highest common divisor of 88 and 242.
22
Calculate the highest common factor of 6 and 78.
6
Calculate the greatest common factor of 1944 and 24.
24
What is the highest common divisor of 185 and 111?
37
What is the greatest common divisor of 29 and 464?
29
What is the highest common divisor of 24 and 5928?
24
Wha